se
Is 96532831 composite?
False
Is 16367981 a composite number?
True
Is 9034559 prime?
True
Is 29687107 a composite number?
True
Is 64368141 composite?
True
Is 146279 prime?
False
Is 488729 composite?
False
Is 29309621 composite?
True
Is 12440869 a prime number?
False
Is 3979957 prime?
True
Is 47882299 a composite number?
True
Is 1119921473 composite?
True
Is 237434843 prime?
True
Is 14236333 a composite number?
True
Is 3699499 a prime number?
True
Is 18863177 prime?
False
Is 20998727 composite?
False
Is 295474687 composite?
False
Is 1052911 a composite number?
True
Is 54866299 prime?
False
Is 355109893 prime?
True
Is 12467233 prime?
True
Is 8508847 composite?
False
Is 2421527 a prime number?
True
Is 15873001 a prime number?
True
Is 10927981 a composite number?
False
Is 135758873 a prime number?
True
Is 10834547 prime?
True
Is 331337329 a composite number?
False
Is 177995033 prime?
True
Is 58961971 composite?
True
Is 19175459 a prime number?
False
Is 205116959 composite?
False
Is 2625137 composite?
False
Is 14071307 a composite number?
False
Is 2302327 prime?
False
Is 127307 a composite number?
True
Is 56005661 a prime number?
False
Is 236275861 a composite number?
False
Is 1304057 a composite number?
True
Is 984149 a composite number?
False
Is 220632007 a composite number?
False
Is 3994357 prime?
True
Is 7888741 a prime number?
False
Is 4860467 a prime number?
False
Is 28328537 a composite number?
True
Is 10580941 a prime number?
False
Is 244296629 a composite number?
True
Is 10666527 composite?
True
Is 23506859 prime?
True
Is 47941741 composite?
True
Is 14416867 prime?
False
Is 2321819 composite?
True
Is 181819915 a prime number?
False
Is 15704669 a composite number?
False
Is 13650649 prime?
False
Is 13721102 composite?
True
Is 7924639 a composite number?
False
Is 3102977 composite?
False
Is 34777057 a prime number?
False
Is 203466181 a composite number?
True
Is 20477833 composite?
False
Is 4405987 prime?
False
Is 585938213 prime?
False
Is 25732513 a composite number?
False
Is 78377 prime?
False
Is 111191569 a prime number?
False
Is 2045311 a prime number?
True
Is 1649207 a composite number?
True
Is 467706301 prime?
True
Is 115636919 composite?
True
Is 21839326 composite?
True
Is 20650741 composite?
True
Is 3383899 a composite number?
False
Is 6978973 prime?
True
Is 49585919 a composite number?
False
Is 448801195 a composite number?
True
Is 7422717 a prime number?
False
Is 85880443 composite?
True
Is 262477 composite?
True
Is 36730099 prime?
False
Is 33211499 a composite number?
False
Is 30163117 a prime number?
False
Is 58404419 composite?
True
Is 77089 composite?
True
Is 24687647 prime?
True
Is 75236539 composite?
True
Is 73727653 a prime number?
True
Is 335399 composite?
True
Is 3731453 prime?
False
Is 172099 a composite number?
True
Is 1153967 prime?
True
Is 1411471 prime?
True
Is 97049333 a prime number?
True
Is 199845887 composite?
True
Is 1557733 a prime number?
True
Is 2650873 a composite number?
False
Is 100632787 composite?
False
Is 116933143 prime?
False
Is 989143 a prime number?
False
Is 1378561 a composite number?
False
Is 1398493 a prime number?
True
Is 106607899 a composite number?
True
Is 327059 a composite number?
False
Is 256049 composite?
False
Is 5071333 a composite number?
True
Is 9196691 prime?
False
Is 10231511 a prime number?
True
Is 152066611 prime?
True
Is 5120399 a prime number?
True
Is 10176161 a composite number?
True
Is 13804093 a composite number?
True
Is 202431 a prime number?
False
Is 4255703 composite?
True
Is 29015839 composite?
False
Is 7606661 a composite number?
False
Is 60365699 a composite number?
False
Is 11741701 prime?
False
Is 3647062 a composite number?
True
Is 57409277 composite?
False
Is 23963567 a composite number?
True
Is 34405103 prime?
False
Is 40880047 prime?
False
Is 154118495 a prime number?
False
Is 349716335 prime?
False
Is 30676127 composite?
True
Is 847043 prime?
True
Is 26832023 a composite number?
False
Is 121138081 prime?
True
Is 34075837 prime?
False
Is 47526287 a composite number?
False
Is 87381251 a prime number?
True
Is 455755 a prime number?
False
Is 5296151 prime?
False
Is 12211181 a prime number?
False
Is 1668101 a composite number?
True
Is 3957929 composite?
False
Is 1785097 composite?
False
Is 17926199 composite?
True
Is 45989 a prime number?
True
Is 68207647 a prime number?
True
Is 7333883 a composite number?
False
Is 296437 composite?
False
Is 3465911 prime?
True
Is 23769205 composite?
True
Is 33431341 composite?
True
Is 11994277 a composite number?
False
Is 3746321 a composite number?
True
Is 3703393 a composite number?
False
Is 76987793 prime?
True
Is 59820169 a composite number?
True
Is 5863139 a prime number?
True
Is 907931 a composite number?
True
Is 321430597 prime?
True
Is 220699267 a prime number?
True
Is 10184357 prime?
True
Is 5139301 prime?
True
Is 49194955 a composite number?
True
Is 130172747 a prime number?
True
Is 2931121 prime?
False
Is 6361681 a prime number?
False
Is 6352313 a composite number?
True
Is 4893869 prime?
True
Is 8401709 prime?
True
Is 80340979 composite?
True
Is 448441 prime?
False
Is 16323431 a prime number?
False
Is 397237213 composite?
True
Is 92233717 a prime number?
False
Is 134352521 prime?
True
Is 57780587 a composite number?
False
Is 35830931 prime?
False
Is 66916607 composite?
True
Is 47284379 composite?
True
Is 288107221 a prime number?
False
Is 1106671 a composite number?
False
Is 47548987 a composite number?
True
Is 36193369 a composite number?
False
Is 8154295 a prime number?
False
Is 82526419 a prime number?
True
Is 451720223 composite?
False
Is 70266727 a composite number?
False
Is 1945451 prime?
False
Is 245039051 composite?
False
Is 203805851 a composite number?
False
Is 4995581 a prime number?
True
Is 1799701 a prime number?
True
Is 874799 a prime number?
True
Is 24525199 prime?
False
Is 62296073 composite?
True
Is 11070557 prime?
False
Is 43623781 composite?
False
Is 13413047 a composite number?
False
Is 4412111 composite?
True
Is 55022603 composite?
False
Is 753611 a prime number?
True
Is 20705381 a prime number?
True
Is 762033199 a prime number?
True
Is 28698253 a composite number?
False
Is 49125269 a composite number?
False
Is 796673 a prime number?
True
Is 10985543 a composite number?
True
Is 44543083 composite?
True
Is 4515133 a prime number?
False
Is 2058713 a composite number?
False
Is 70107683 prime?
False
Is 2601517 prime?
True
Is 1238219 a prime number?
True
Is 50360627 a prime number?
True
Is 8295278 composite?
True
Is 1030321 a prime number?
False
Is 837141 a prime number?
False
Is 21898181 prime?
True
Is 142870423 a prime number?
True
Is 32388857 composite?
False
Is 75457309 a prime number?
False
Is 657869819 composite?
False
Is 724981 a prime number?
False
Is 4965369 a composite number?
True
Is 42501295 composite?
True
Is 1537707 a prime number?
False
Is 18250019 a composite number?
True
Is 6981133 a composite number?
False
Is 9358289 a composite number?
False
Is 31104871 prime?
False
Is 227560117 prime?
True
Is 1852663 a prime number?
True
Is 1611851 a prime number?
True
Is 305846777 prime?
True
Is 55972829 a prime number?
False
Is 166182439 a prime number?
True
Is 105788083 prime?
False
Is 118034801 a composite number?
False
Is 101921753 composite?
False
Is 212104579 prime?
False
Is 398920967 prime?
True
Is 9330341 prime?
False
Is 10357933 a composite number?
False
Is 24122081 a composite number?
False
Is 19454629 a composite number?
False
Is 59792245 a prime number?
False
Is 29026627 composite?
True
Is 276400519 a composite number?
False
Is 5303249 composite?
True
Is 1046048417 a prime number?
False
Is 9221519 composite?
False
Is 1426361 a prime number?
True
Is 110667577 a prime number?
False
Is 9328643 composite?
False
Is 194671871 prime?
False
Is 9179189 a prime number?
True
Is 43903267 composite?
True
Is 5497927 a composite number?
False
Is 7700269 a composite number?
True
Is 150595019 composite?
False
Is 9137593 composite?
False
Is 24946529 a composite number?
False
Is 248617 prime?
False
Is 3295471 composite?
False
Is 147290039 a prime number?
False
Is 100141217 a composite number?
True
Is 162442363 a prime number?
False
Is 179647955 prime?
False
Is 225348811 a prime number?
True
Is 1480207 comp